47 is divided by 4563?
987
What is the remainder when 534146 is divided by 29076?
10778
What is the remainder when 1697171 is divided by 65?
21
Calculate the remainder when 1233948 is divided by 1233849.
99
What is the remainder when 167345 is divided by 41824?
49
What is the remainder when 1155606304 is divided by 99?
94
Calculate the remainder when 2261001 is divided by 1130494.
13
Calculate the remainder when 2463473 is divided by 11.
1
What is the remainder when 2440628 is divided by 1892?
1840
What is the remainder when 73683 is divided by 96?
51
What is the remainder when 68232 is divided by 33189?
1854
Calculate the remainder when 21925541 is divided by 37225.
16
Calculate the remainder when 472303 is divided by 541.
10
What is the remainder when 2556170 is divided by 396?
386
What is the remainder when 2547926 is divided by 14?
10
Calculate the remainder when 68118940 is divided by 69.
1
What is the remainder when 2873134 is divided by 1436558?
18
What is the remainder when 31541387 is divided by 1209?
995
Calculate the remainder when 69231686 is divided by 553.
510
Calculate the remainder when 87260315 is divided by 1120.
1115
Calculate the remainder when 606682 is divided by 3217.
1886
Calculate the remainder when 182557448 is divided by 1656.
8
Calculate the remainder when 110834 is divided by 335.
284
Calculate the remainder when 34632636 is divided by 80.
76
What is the remainder when 921202 is divided by 2565?
367
What is the remainder when 130074 is divided by 582?
288
What is the remainder when 1079534 is divided by 359659?
557
Calculate the remainder when 1075807 is divided by 215152.
47
Calculate the remainder when 160889298 is divided by 53629762.
12
What is the remainder when 1559022356 is divided by 14?
10
What is the remainder when 5695906 is divided by 284?
2
What is the remainder when 94416 is divided by 3417?
2157
Calculate the remainder when 21151197 is divided by 224.
221
Calculate the remainder when 181552168 is divided by 4436.
4432
What is the remainder when 125399 is divided by 13886?
425
What is the remainder when 990678 is divided by 76206?
0
What is the remainder when 122392434 is divided by 5711?
5704
Calculate the remainder when 2538198 is divided by 1307.
4
Calculate the remainder when 16653946 is divided by 16653908.
38
Calculate the remainder when 442806878 is divided by 32.
30
Calculate the remainder when 115902277 is divided by 230422.
11
Calculate the remainder when 147011 is divided by 97.
56
What is the remainder when 191448 is divided by 38285?
23
Calculate the remainder when 517333 is divided by 2289.
19
What is the remainder when 884922 is divided by 6862?
6586
Calculate the remainder when 122265 is divided by 376.
65
What is the remainder when 1210821 is divided by 109?
49
Calculate the remainder when 1220429 is divided by 3428.
61
Calculate the remainder when 1076905 is divided by 39.
37
Calculate the remainder when 65835 is divided by 2633.
10
Calculate the remainder when 6448858 is divided by 5.
3
Calculate the remainder when 32784898 is divided by 20.
18
Calculate the remainder when 203699759 is divided by 496.
495
What is the remainder when 540453 is divided by 77197?
74
What is the remainder when 1010464 is divided by 336812?
28
What is the remainder when 16067042 is divided by 2295288?
26
Calculate the remainder when 135285 is divided by 3649.
272
Calculate the remainder when 1211858 is divided by 55083.
32
Calculate the remainder when 15730784 is divided by 105.
104
Calculate the remainder when 23230 is divided by 4108.
2690
What is the remainder when 19827305 is divided by 48?
41
What is the remainder when 19936020 is divided by 2017?
2009
What is the remainder when 114532 is divided by 2203?
2179
What is the remainder when 2386832 is divided by 85235?
252
Calculate the remainder when 1022822 is divided by 1337.
17
What is the remainder when 203778 is divided by 144?
18
What is the remainder when 187745 is divided by 41?
6
What is the remainder when 3314285 is divided by 411?
392
What is the remainder when 15768213 is divided by 2450?
13
What is the remainder when 103067 is divided by 4390?
2097
Calculate the remainder when 114110789 is divided by 5882.
5871
Calculate the remainder when 35720 is divided by 4424.
328
What is the remainder when 153341 is divided by 5698?
5193
What is the remainder when 9862 is divided by 4607?
648
What is the remainder when 51511626 is divided by 2330?
2316
Calculate the remainder when 3447338 is divided by 11646.
122
What is the remainder when 269603 is divided by 89793?
224
Calculate the remainder when 51359 is divided by 51242.
117
What is the remainder when 687432 is divided by 34351?
412
Calculate the remainder when 5990654 is divided by 52.
46
Calculate the remainder when 1220102 is divided by 61.
41
Calculate the remainder when 493322 is divided by 289.
288
What is the remainder when 107866269 is divided by 1013?
3
Calculate the remainder when 1025749 is divided by 50.
49
What is the remainder when 5292478 is divided by 611?
607
What is the remainder when 110633 is divided by 1007?
870
Calculate the remainder when 18865747 is divided by 770.
747
Calculate the remainder when 32164 is divided by 32072.
92
What is the remainder when 800634 is divided by 400317?
0
Calculate the remainder when 2124325 is divided by 367.
129
What is the remainder when 366475712 is divided by 129?
128
Calculate the remainder when 3993858 is divided by 622.
618
What is the remainder when 4032122 is divided by 1003?
62
Calculate the remainder when 1805875 is divided by 163.
161
Calculate the remainder when 353198 is divided by 1333.
1286
Calculate the remainder when 17669354 is divided by 5889754.
92
Calculate the remainder when 23424959 is divided by 240.
239
What is the remainder when 573899 is divided by 28633?
1239
What is the remainder when 108810 is divided by 339?
330
What is the remainder when 37143517 is divided by 65?
47
Calculate the remainder when 748349 is divided by 4045.
24
What is the remainder when 179794 is divided by 35926?
164
Calculate the remainder when 821088 is divided by 170.
158
Calculate the remainder when 6248183 is divided by 1249634.
13
Calculate the remainder when 145072371 is divided by 93716.
3
What is the remainder when 110850549 is divided by 73217?
11
Calculate the remainder when 13230 is divided by 6612.
6
What is the remainder when 35357215 is divided by 4554?
4513
Calculate the remainder when 482538 is divided by 448.
42
What is the remainder when 20466668 is divided by 204666?
68
What is the remainder when 1076673 is divided by 5252?
13
What is the remainder when 610037063 is divided by 147?
146
What is the remainder when 2813852 is divided by 7298?
4122
Calculate the remainder when 39535659 is divided by 125510.
9
Calculate the remainder when 20854968 is divided by 95.
93
What is the remainder when 4355398 is divided by 2177683?
32
What is the remainder when 38118 is divided by 3313?
1675
What is the remainder when 144316 is divided by 8915?
1676
Calculate the remainder when 973020 is divided by 162124.
276
Calculate the remainder when 11964048 is divided by 2991005.
28
What is the remainder when 19525428 is divided by 2678?
130
What is the remainder when 397960 is divided by 122?
118
Calculate the remainder when 47619 is divided by 450.
369
Calculate the remainder when 23846147 is divided by 7604.
3
Calculate the remainder when 114498783 is divided by 32742.
9
What is the remainder when 3923409 is divided by 980847?
21
What is the remainder when 354273 is divided by 23616?
33
What is the remainder when 1994094 is divided by 490?
284
Calculate the remainder when 4169579 is divided by 35.
29
Calculate the remainder when 22029 is divided by 5433.
297
What is the remainder when 220486 is divided by 7861?
378
Calculate the remainder when 7540201 is divided by 1065.
1
Calculate the remainder when 32640596 is divided by 234824.
60
What is the remainder when 52251 is divided by 12907?
623
What is the remainder when 657679 is divided by 945?
904
What is the remainder when 24429506 is divided by 626397?
23
Calculate the remainder when 1864523 is divided by 4.
3
What is the remainder when 21810828 is divided by 838878?
0
Calculate the rema